uppose -5*l + 17 - 2 = 0. Let w(i) = 2*i**2 + 4 - 2*i**2 + 0*i - 5*i - 5*i**2 - i**l. Determine w(-4).
8
Let d(c) = -c**2 + 3*c + 2. Let w(r) = r**3 + 9*r**2 + 12*r - 11. Let q(z) = z**2 - 7*z - 51. Let j be q(-4). Let u be w(j). Calculate d(u).
2
Let o(s) = -7*s - 2. Suppose 9*h - 388 = -379. Calculate o(h).
-9
Let h = -15 - -17. Let b(g) = 6 - h - g**2 + 3 + 7*g. Let i = -138 - -145. Give b(i).
7
Suppose -98*o - 66 = -104*o. Let j(f) = -f + 13. Give j(o).
2
Let p(w) = w**3 + w**2 - 4. Let a be 3*(-5)/10*44/(-22). What is p(a)?
32
Let f(o) = o - 4. Suppose -2*p - 7 = -3*g, -p + g = -2*g + 11. Suppose p*i = 8*i + 56. Let y be (-38)/(-6) + i/42. Give f(y).
2
Let h(x) = 115*x - 221*x + 104*x + 2 + 2*x**3 - x**2 - 3. Suppose 0 = -4*u + z - 6, 4 + 7 = -3*u + 4*z. Determine h(u).
-2
Let h = 1573 - 1566. Let x(q) = q + 4. Determine x(h).
11
Let z = 53 - 47. Let o(r) = -z - 1 + 3*r**3 + 8 - r**2. What is o(1)?
3
Let z(y) = -4 + 53551*y - 2*y**2 + y**2 - 53552*y. Suppose l - 3*l + 4 = 5*t, 0 = 3*t - 2*l + 4. Give z(t).
-4
Let j(s) = s**3 + s + 15. Let x be j(0). Let m = x - 8. Let y(p) = -p + 2 - 1 + 0 + 0*p. What is y(m)?
-6
Let o(g) = -6*g - 3. Let j = -111 - -114. Calculate o(j).
-21
Let q(w) be the third derivative of -w**5/120 + w**4/24 - 20*w**3/3 - w**2 + 2. Let o(r) be the first derivative of q(r). Let p = 9 + -13. Determine o(p).
5
Let j(b) be the first derivative of -b**3/3 - 7*b**2/2 - 3*b - 390. Determine j(-5).
7
Let i = -628 - -628. Let j(l) = l**3 - 6*l**2 + 6*l + 3. Let a(f) = -2*f**3 + 11*f**2 - 11*f - 6. Let n(g) = 6*a(g) + 11*j(g). Calculate n(i).
-3
Let x(v) = -2*v**3 - 2*v**2 - 70*v - 144. Let h be x(-2). Let k(w) be the first derivative of w**2/2 + w + 1. Calculate k(h).
5
Let f(o) be the third derivative of o**4/12 - 2*o**3 - o**2 - 139. What is f(8)?
4
Let d(r) = r**2 - 144*r - 10 + 23 + 151*r. Determine d(-10).
43
Let n(l) = l**2 - 5*l + 5. Let d = 1313 - 1310. Calculate n(d).
-1
Let z(o) = -2*o - 111 + 56 + 56. Give z(-5).
11
Let m(t) = t**3 + t**2 - 7. Let f(d) = d**2 + 5*d. Let o be f(-5). Give m(o).
-7
Let u(n) = -n**3 - 5*n**2 - 5*n + 8. Let i(t) = t - 2. Let m(b) = -3*i(b) - u(b). Calculate m(-4).
6
Let g(i) = 84*i - 339. Let n be g(4). Let j(f) = -f**3 - 4*f**2 + 9. Give j(n).
0
Let u(b) = -6*b + 13. Let g(l) = l + 2. Let c(o) = -3*g(o) - u(o). Calculate c(6).
-1
Let w(z) = 4*z**2 - z + 1. Suppose 3 + 12 = 15*t. What is w(t)?
4
Let c(p) = -p**2 - p - 1. Let f(s) = 3*s**2 + 6*s + 8. Let y(g) = -2*c(g) - f(g). Suppose -44*z = -39*z + 20. What is y(z)?
-6
Let i(x) = -5*x - 5. Let q(m) = -2*m - 2. Let w(c) = -3*i(c) + 8*q(c). Let o(j) = j - 20. Let l be o(0). Let d = 18 + l. Calculate w(d).
1
Let p(u) = -u**2 + 3*u - 3. Let j be p(3). Let f(o) = 2*o**2 - 49*o - 19. Let r be f(25). Let n be (1/2)/(j/r). Let k(v) = -2*v**2 + v. Determine k(n).
-3
Let h(x) be the third derivative of -x**8/6720 + x**7/504 + x**6/360 - x**5/20 - 2*x**4/3 + 11*x**2. Let k(t) be the second derivative of h(t). Calculate k(5).
4
Let u = -18 + 23. Suppose 177 = 7*t - u. Let o = -30 + t. Let a(j) = -j**2 - 4*j - 2. Calculate a(o).
-2
Let b = 5 - 5. Suppose -y + 2*l + 7 = b, -2*l + 4*l + 11 = -3*y. Let z(t) be the second derivative of -t**3/2 - t. Give z(y).
3
Suppose -4*u + 4*k + 32 = 0, 0 = 4*u - 4*k - k - 37. Let h(g) = -g - 12*g**u + g**2 + 26 + 11*g**3 - 27. Calculate h(-1).
2
Let s(h) = -6*h. Let p(j) = j**3 + 3*j**2 - 3*j. Let y be p(1). Let g(k) = -k + 4. Let n be g(5). Let m = n - y. Determine s(m).
12
Let k be 88/(-10) - -9 - (-68)/10. Let w(j) = -j + 9. What is w(k)?
2
Let s(o) = 5*o - 2 + 4 - 3. Suppose -8*h - 11*h - 13*h = -64. What is s(h)?
9
Suppose n + 3*m = 20, 2*n + 3*n - 58 = -m. Let k = n - 8. Let p(l) = 0*l**2 - 42*l + l**k + 2*l**2 + 42*l - 1. Determine p(-2).
-1
Suppose 3*n + 12*h - 7*h = 28, 0 = -4*n + 4*h + 16. Let q(c) = 3*c**2 + 8 - 13*c - 2*c**2 - 7*c + 10*c. What is q(n)?
-16
Let h = -2594 - -2595. Let n(t) = 15*t**3 - 2*t**2 - 3*t + 4. What is n(h)?
14
Let o = 1062 + -1068. Let s(a) be the third derivative of a**4/12 + 3*a**3/2 + 2*a**2. What is s(o)?
-3
Let j(u) be the third derivative of -u**6/120 + u**4/24 - 2*u**3/3 + 7*u**2. Let z(m) = 2*m**3 - 2*m + 7. Let x(s) = 11*j(s) + 6*z(s). Give x(0).
-2
Let i(y) = y**3 - 4*y**2 + 3*y - 6. Let u(l) = 18*l + 29. Let w be u(-6). Let a = 83 + w. Give i(a).
6
Let k(x) = 10*x**2 + 2*x + 1. Let o = -92 + 90. Calculate k(o).
37
Let i(y) = y - 3. Suppose 0 = -20*r + 95 + 85. Give i(r).
6
Let b = -15 + 15. Let v be b - (-7 - 1)/(-1). Let r(t) = -t**3 - 8*t**2 - 8. What is r(v)?
-8
Let g(q) = q - 14. Let k be g(14). Let b be 1*(0 + -3 + 2) + k. Let y(w) = -12*w**3 + w**2 + w. Determine y(b).
12
Suppose -4*r = -9*r. Suppose -z = -r*z - 6. Let d(o) = 6*o**2 - 7*o - 8. Let s(b) = 7*b**2 - 8*b - 9. Let j(t) = z*d(t) - 5*s(t). Give j(4).
5
Let w(r) be the second derivative of 1/20*r**5 + 1/3*r**4 + 1/2*r**3 - 15*r - r**2 + 1. Calculate w(-3).
-2
Let c(d) = 8*d**2 + 2*d**3 + 10*d + 7 - 5*d**3 + 4*d**3. Suppose 5*h - 21 = 16*j - 15*j, -5*j = -4*h + 42. Determine c(j).
19
Let f = -10 + 10. Suppose f*p = 3*p - 21. Let r(t) = -t - 1. Determine r(p).
-8
Let m = 9 - 25. Let i = 13 + m. Let q(j) = -j**2 + 3*j + 0*j**2 - j**2 - 1 + 3*j**2. Calculate q(i).
-1
Let f(a) = a**3 - 14 + 2*a - 468*a**2 + 12 + 470*a**2. Suppose 3*t = t - 4*w - 12, -2*t = 5*w + 14. Determine f(t).
-6
Suppose 0 = -11*l - 0 + 22. Let i(s) = -10*s + 3. Calculate i(l).
-17
Let n(h) be the second derivative of h**5/10 - 5*h**4/12 + h**3/6 + 2*h**2 - 29*h + 24. Let y be -1*2*6/(-4). Determine n(y).
16
Suppose 0*y + 8 = 4*y. Let b(c) = 2*c + 2*c**3 - 2 - 3*c**2 - 3*c**2 + 4*c**y + c. Determine b(2).
12
Let x = 10 - 8. Let l(v) = -3*v**2 + 10*v**2 - 6*v**x. Let m be 2/7 - 12/(-7). Give l(m).
4
Let f(k) = -1. Let g(a) = -a + 23. Let h(j) = -5*f(j) - g(j). Let l(c) = 9*c**3 - 3*c**2 + 5*c - 2. Let o be l(1). Calculate h(o).
-9
Let b be 4165/153 + 4/(-18). Suppose -8*o + 9*o = b. Let f = o - 29. Let i(a) = -2*a - 1. Give i(f).
3
Let y(k) = k**3 - 9*k**2 + 7*k + 14. Suppose -5*d - 14 = -54. Suppose 7*z + d = 8*z. Let p be y(z). Let a(g) = -2*g. Determine a(p).
-12
Let r be (0*1/4)/1. Let d(t) = 3 - 7*t - 10 + 2*t**3 - 4*t**2 + r*t**3. Let w(q) = q**3 + q**2 - q + 1. Let o(m) = -d(m) + w(m). What is o(6)?
8
Let f = 16477/12 + -1373. Let r(n) be the second derivative of n**3 + 5/2*n**2 - 9*n + 0 - f*n**4. Give r(6).
5
Let z(t) = t**2 - 5*t - 4. Let w(n) = -n**3 - 8*n**2 - 15*n - 8. Let g be w(-6). Suppose 0*f - 16 = -4*f. Let v = g - f. What is z(v)?
2
Suppose -15*j = -5*j + 20. Let u(v) be the first derivative of v**4/4 - 3*v**2/2 - 2*v + 35. What is u(j)?
-4
Let p(h) be the third derivative of 0 - 1/40*h**5 + 0*h + 11*h**2 + 7/6*h**3 - 1/6*h**4. Let c(l) be the first derivative of p(l). Give c(-6).
14
Let q be (0 - -3)*(1 - 0). Let o = -75 + 79. Let r(n) = n + 3*n - n**2 + 10*n - o - 12*n. Determine r(q).
-7
Let s(d) = 37*d**2 + 3*d - 66. Let n(t) = 13*t**2 + t - 23. Let j(m) = -17*n(m) + 6*s(m). Give j(-4).
7
Let t(m) = -3 + 2 + m**2 + 2 - 7 - m. Let z be t(4). Let q(s) = -s**3 + 7*s**2 - 5*s - 8. Calculate q(z).
-2
Let d(y) = y**2 - y - 1. Let g(o) = -o**2 - 2*o + 3. Let u = 1 + 1. Let m(t) = u*d(t) + g(t). Let n(z) = z**3 + 5. Let w be n(0). What is m(w)?
6
Suppose -4*i - 159 = d + 12, -3*d - 9 = 0. Let s = 53 + i. Let y(q) = -q + 16. Calculate y(s).
5
Let d = -3 + 6. Let z(o) = o. Let t(y) = 3*y - 1. Let k(b) = d*t(b) - 6*z(b). Let a be ((-4)/(-6))/(26/117). Give k(a).
6
Let z(a) be the first derivative of -1/4*a**4 + 5/2*a**2 + 10 + 2/3*a**3 - 4*a. Determine z(3).
2
Let a(o) = o**3 - o**2 + 3. Let g be a(0). Let z(w) be the first derivative of -w**2/2 + 3*w - 31. What is z(g)?
0
Let c(x) be the first derivative of -x**6/90 - x**4/24 + 5*x**3/3 - 6. Let h(z) be the third derivative of c(z). Calculate h(-1).
-5
Let w(s) be the third derivative of 3*s**2 - 1/12*s**4 + 0*s + 0 - 1/2*s**3. Suppose 9 = -3*a - 2*z, 4*z + 11 = -5*a - 4. Calculate w(a).
3
Suppose 0 = -3*b - 5*v - 2, -4*b + 0*v - 3*v = -12. Let k be 3*(-12)/27*b. Let z(d) = -2*d - 11. Calculate z(k).
5
Let t(c) be the first derivative of 5*c**2/2 - 71*c - 398. Give t(14).
-1
Let c(h) = -h**2 - 6*h - 6. Let i be 2/((-6)/(-9)) - -2. Let b be (72/45)/((-2)/i). Calculate c(b